x/(-5).
2, 3
Let l(k) = -7*k**2 - 2*k - 2. Let g be l(-2). Let s = g - -57. Suppose -2*h + 8 = 0, 5*f - s - 123 = -h. What are the prime factors of f?
2, 3, 5
Let l(c) = 115 - 20*c + 5*c - 57 + c**2. What are the prime factors of l(15)?
2, 29
Let i(p) = 3 + p**2 - 7 - 7 - 5*p. List the prime factors of i(8).
13
Suppose 0 = -4*k - 2*f + 2938, k - 2*f - 525 = 202. What are the prime factors of k?
733
Let v(a) = -17 + 4 + 2 + 24*a**2 + 2*a**3 - 6 - 14*a. List the prime factors of v(-12).
151
Let d(r) = 1. Let m = -6 + 5. Let w(c) = c - 7. Let i(l) = m*w(l) + d(l). List the prime factors of i(-7).
3, 5
Suppose 0 = -2*m - 88 + 678. Suppose -5*w + 5*q = -m, 2*w = 3*w + q - 55. Suppose w = x - 4*s, -5*x - 7*s + 2*s = -185. List the prime factors of x.
41
Let c be 1/(18/8 + -2). Suppose -9*g + 6*g = -5*t + 653, c*g = 2*t - 264. List the prime factors of t.
2, 5, 13
Let q be (-14)/(-6) - (-1)/(-3). Let b(f) = -2*f**2 + 55*f - 24. Let x be b(27). Suppose -x*t + 130 = q*t. What are the prime factors of t?
2, 13
Suppose 5*h = 3*h - 26. What are the prime factors of 9 + h + (-550)/(-2) + 2?
3, 7, 13
Let v = -162 - -113. Let i be 14/v - 200/(-14). Suppose -i = -5*p + 4*p + 4*d, -5*p = -5*d - 25. List the prime factors of p.
2
Suppose 4*f = 18*f - 42. Suppose -2*n - 4*x + 206 = 0, -2*x = f*n + x - 297. List the prime factors of n.
5, 19
Let t = -727 + 1979. List the prime factors of t.
2, 313
Suppose 0 = 2*w - 3*l - 686, -3*w = -3*l + 5*l - 1003. Let s = w - 198. List the prime factors of s.
139
Let u(o) = -8*o - 14. Let p be u(-7). Let f = p + -35. List the prime factors of f.
7
Suppose 10656 = 7*i - 2*c, 0 = -i - 2*c - 2*c + 1518. List the prime factors of i.
2, 761
Let m(y) = y**3 - 5*y**2 - y + 2. Let q be m(6). Let s = q + -3. List the prime factors of s.
29
Suppose 549 = 4*s - w - 0*w, -2*s + 262 = 2*w. Let l = s - 49. Let f = -54 + l. What are the prime factors of f?
3, 11
Let v = -2953 + 4351. What are the prime factors of v?
2, 3, 233
Suppose 0 = 3*o - 2*q - q - 33, -3*o + 33 = -5*q. Suppose 0 = 9*m - o*m + 6. What are the prime factors of m?
3
Suppose -2*g = -j + 25, g - 25 + 111 = 4*j. Suppose 5*s + 4*m = -j + 572, 0 = 5*m + 5. List the prime factors of s.
3, 37
Let s(l) = l + 241. Let y = -46 + 46. What are the prime factors of s(y)?
241
Let g be 3 + 0*3/(-15). Let q be g + -5 + 4 + 0. Suppose -2*c = -4*n - 100, -q*n + 250 = 7*c - 3*c. What are the prime factors of c?
2, 3, 5
Let c(p) = -p**2 - 6*p - 14. Suppose 2*o + 24 = 2. Let d be c(o). Let g = 100 + d. What are the prime factors of g?
31
Suppose -k - 4*g - 328 = 0, -5*k - g + 5*g = 1520. Let w = -180 - k. What are the prime factors of w?
2
Suppose -5*k = -k - 12. Suppose k*u - 21 = -s, 0*s = 5*u + s - 37. What are the prime factors of (-96)/9*(-36)/u?
2, 3
What are the prime factors of ((-98)/(-84))/(-7) - 21950/(-12)?
31, 59
Let c = 1132 + -457. Suppose 0 = -39*l + 44*l - c. List the prime factors of l.
3, 5
Let c(p) be the second derivative of p**5/20 - 11*p**4/12 + p**3/2 - 2*p**2 + 12*p. What are the prime factors of c(11)?
29
Let w be (-2)/(-3)*(31 - (-66)/6). Suppose -3 = 3*f, -2*l + 69 + 27 = -4*f. Let q = l - w. List the prime factors of q.
2, 3
Suppose -5*a + 38*j - 37*j = -5668, 4532 = 4*a - 2*j. List the prime factors of a.
2, 3, 7
Suppose -81 = -4*u + 15. Let y be -3 - 7 - (-8 + 14). Let k = u + y. List the prime factors of k.
2
Let a be 2/8 - (-845)/(-52). Let s(v) = -4*v + 22. What are the prime factors of s(a)?
2, 43
Suppose 40*n = 45*n - 13425. List the prime factors of n.
3, 5, 179
Let o(w) = 2*w**2 - 3*w + 4. Let b = -3 - -12. Let q = b + -5. List the prime factors of o(q).
2, 3
Suppose -3*r - 63 + 342 = 0. Suppose 0*m = -m - r. Let b = m - -148. List the prime factors of b.
5, 11
Let u(g) be the second derivative of g**5/20 + 5*g**4/12 + g**3/3 + 2*g**2 + 2*g. Let n be u(-4). Let d = -6 + n. What are the prime factors of d?
2, 3
Let x(n) = 16*n**2 + 6*n + 36. What are the prime factors of x(-8)?
2, 11, 23
Let h be 1246/77 - 2/11. Let x(p) = 5 + h*p + p**2 - 18*p + 0 + 4. List the prime factors of x(4).
17
Suppose 3*n = 3*r - 0*r + 6, 5*n - 1 = -4*r. Let k be (6/9)/(n/3). Suppose 30 = 5*o - 4*b, -3*o + k*b + 14 = -4. What are the prime factors of o?
2, 3
Suppose -166 = -2*y - 2*c, -6*y = -2*y + 2*c - 336. Let z(q) = 17 + y*q**2 - 2*q - 86*q**2 + 3*q. List the prime factors of z(0).
17
List the prime factors of 25*11*(-17 - -18).
5, 11
Suppose 6*i - 45 = -3*y + i, -4*i = -5*y + 38. Suppose 171 = -7*g + y*g. What are the prime factors of g?
3, 19
Let x be (-5)/2*(-56)/35. What are the prime factors of x/18 + 572/99?
2, 3
Let q(w) = w**3 - 12*w**2 + 9*w - 14. Let c be q(11). Let i = c + 4. Let x = i - -105. List the prime factors of x.
73
Let p(h) = 148*h - 80. What are the prime factors of p(4)?
2
Suppose -2*q + 5*m = -428, q - 6*m = -3*m + 214. What are the prime factors of q?
2, 107
Let d(a) = -a - 10. Let r be d(-13). List the prime factors of 23/r + (-2)/3.
7
Let z be 2*15*(-1)/(-6). What are the prime factors of 3/(15/2)*z?
2
Suppose -21*p - 9780 = -67782. What are the prime factors of p?
2, 1381
Suppose 0 = -0*u - 2*u + 12. Let l(n) = -n**2 - 8*n - 5. Let g be l(-8). What are the prime factors of u/(-10) + (-163)/g?
2
Let c(o) = -o**3 - 7*o**2 + 7. Let p be c(-7). Suppose -2*h + 4 = -h. Suppose h = p*v - 150. List the prime factors of v.
2, 11
Let z = 2845 - 1860. What are the prime factors of z?
5, 197
Let s(l) = 4*l**2 - 7*l - 3. List the prime factors of s(-6).
3, 61
Let k(g) = -g**2. Let w(t) = -t**3 - 4*t**2 + 5*t - 2. Suppose -3*d + 3 = x + 7, 3*x - 2 = -2*d. Let b(f) = d*k(f) + w(f). List the prime factors of b(-4).
2, 5
Let v(l) = -l**3 - 6*l**2 - 8*l + 2. Let h be v(-4). Suppose 5*p = h*p + 333. What are the prime factors of p?
3, 37
Suppose -4*f = -6*f - 4. List the prime factors of 231/14*(-8)/f.
2, 3, 11
What are the prime factors of ((-28)/4 + 6)*-1 - -1150?
1151
Let x = -37 + 39. Suppose -i = -27 + x. What are the prime factors of i?
5
Let h be -17 - -177 - (-3)/(-1). Let z = 362 - h. List the prime factors of z.
5, 41
Suppose -4*j + k + 235 = 0, -2*j + 46 = 5*k - 55. What are the prime factors of j?
2, 29
Suppose 4*x - t + 228 - 827 = 0, 2*t = -6. What are the prime factors of x?
149
Let w = 158 - 229. Let h = w - -51. Let r = 28 + h. What are the prime factors of r?
2
Suppose -3*p = -6*p. Suppose p = 3*w - 5*w. Suppose -1 + 65 = 3*b + 2*y, w = -3*b - 3*y + 66. List the prime factors of b.
2, 5
Let g(s) = -91*s + 1. Let f be g(-2). What are the prime factors of (6 + -7)*f/(-3)?
61
Let v be 1/(2*2/(-4)). Let g(s) = 2*s**2 - s. Let n be g(v). Suppose 2*a - 1 = n. List the prime factors of a.
2
Suppose 17*a - 14*a - 3 = 0. Let q(k) = -2*k**3 + k**2 - k. Let l be q(a). List the prime factors of 2664/84 - l/7.
2
Let o = 8 + 42. Let f = -31 + o. Let u = f + -16. What are the prime factors of u?
3
Suppose 0 = 5*y + 19 - 19. Suppose y = -2*w + x + 364, 0 = 5*x - 5 + 15. What are the prime factors of w?
181
Let z = 1157 + -821. List the prime factors of z.
2, 3, 7
Let s be 30/4*(4 - 6). What are the prime factors of s/(4/10 + -1)?
5
Let i = -582 - -910. What are the prime factors of i?
2, 41
Let j(n) = -15*n - 71 + n**2 + 78 - 3*n - 2*n**2. Let p be j(-7). Suppose 0 = 2*h + h - p. List the prime factors of h.
2, 7
Let h = 458 - 99. Suppose 5*b + 4*o - 609 = -64, h = 3*b - 4*o. List the prime factors of b.
113
Let i = 1502 - 633. What are the prime factors of i?
11, 79
Suppose b = 15 - 21. List the prime factors of 8/((-32)/342)*8/b.
2, 3, 19
Let y be (-4203)/54 - 1/6. Let f = 130 + y. What are the prime factors of f?
2, 13
Let p(h) = h**3 + h**2 + h + 26. Let g be p(0). Suppose g*b = 31*b - 235. What are the prime factors of b?
47
Let v(c) = 3*c**3 - 7*c**2 - 18*c + 54. What are the prime factors of v(9)?
2, 3, 7
Let w = 26 - 27. Let b be (-2 - 4/w) + 2. Suppose 39 = -5*d - b*g + 147, -3*g = 9. What are the prime factors of d?
2, 3
Suppose -5433 = 190*s - 193*s. List the prime factors of s.
1811
Let v = 1036 + -342. What are the prime factors of v?
2, 347
Let u = 412 + 587. What are the prime factors of u?
3, 37
Suppose -8 + 3 = -q. Let i be (q/5)/(1/(-25)). Let x = i - -46. List the prime factors of x.
3, 7
Suppose 63*v = 53*v + 700. List the prime factors o